 7 + 4 - 511*t - 515*t + 1019*t. What are the prime factors of n(-21)?
157
Let f be (-1481)/((-2)/40*5). Suppose -18*c + f - 1262 = 0. List the prime factors of c.
7, 37
Suppose 32*s - 46511 = 36*s - 186643. List the prime factors of s.
53, 661
Let y = -57590 - -122802. What are the prime factors of y?
2, 7, 17, 137
Let c = 64052 + -42429. List the prime factors of c.
7, 3089
Suppose 3*m = 2*m - 3*b + 76, 5*m - 4*b - 437 = 0. Let l = -83 + m. List the prime factors of 48 - ((-2)/(-3))/(l/(-9)).
3, 17
Let r = -242 + 248. Let l = 218 + -30. Suppose 538 = 3*p - 2*m, p = -m + r*m + l. List the prime factors of p.
2, 89
Suppose w + 2967 = -p, -2*w - p = -3*p + 5926. List the prime factors of w/(-4) + (-44)/176.
3, 13, 19
Suppose 2*b - 4*k - 15476 = 0, 3*b + 3*k = 2*b + 7753. List the prime factors of b.
2, 11
Let q be 2/(-12) + (-10127)/6. Let w = -1100 - q. List the prime factors of w.
2, 3, 7
Let d(f) = 6*f**2 - 3*f + 3. Let g be d(1). Suppose 0*v + g*v + 2526 = 0. Let x = v - -613. What are the prime factors of x?
2, 3
Let b = 90 - 88. Suppose -4*u + 1144 = -b*u - 4*z, 3*u = -4*z + 1706. List the prime factors of u.
2, 3, 5, 19
Let y = 133 - 128. Suppose -5*m + 2827 = -r, 4742 = y*m + 5*r + 1897. What are the prime factors of m?
2, 283
Suppose 5 = -4*q - 5*h + 22, -2*q + 3*h = -3. What are the prime factors of 7 - (-448 + q)*1?
2, 113
Suppose -84*v - 2411 = -85*v. Suppose -10*a = -v - 1999. List the prime factors of a.
3, 7
Let o be 63 - 61 - (-2)/4*-2. What are the prime factors of o - (-20)/(-5)*164/(-4)?
3, 5, 11
Let z = -2063 + 2819. What are the prime factors of z?
2, 3, 7
Suppose -283*l = -290*l + 4200. Let i = -379 + l. What are the prime factors of i?
13, 17
Let r(p) = -3*p + 310*p**2 - 77*p**2 + 0*p + 3. List the prime factors of r(1).
233
Suppose 5*b = -t + 16669, -60 + 62 = -b. What are the prime factors of t?
13, 1283
Suppose 35*c - 9603 = 128997. Suppose 4*w - 10*w = -c. What are the prime factors of w?
2, 3, 5, 11
Suppose -4320*l + 4322*l - 7806 = 0. List the prime factors of l.
3, 1301
Let k = -711 - -714. Suppose -3*m = k*i - 4320, 11*i - 7*i = -5*m + 7201. List the prime factors of m.
11, 131
Suppose -65130 = -18*t - 22938. Suppose t = 6*d - 296. List the prime factors of d.
2, 5, 11
Suppose 0 = 7*c + 7*c - 28. List the prime factors of (215 - -4)/(2/c).
3, 73
Suppose -4*z = 5*f - 7, 13 = -0*z + 4*z - f. Let r be 9/(-15)*-5 + z. Suppose r*w = 196 + 290. List the prime factors of w.
3
Let x = -1065 - -1619. Suppose -697*b + x = -695*b. What are the prime factors of b?
277
Let g(n) = 32*n - 334. Let a be g(10). List the prime factors of (-16)/((-2)/(-9)*21/a).
2, 3
Let o(r) = 30*r**2 - 3*r + 6. Let v(a) = -a**2 - a - 1. Let b(f) = o(f) - 15*v(f). What are the prime factors of b(-2)?
3, 59
Let w(v) = -v**3 - 8*v**2 + 19*v + 2. Let p be w(-10). Suppose 4*d - p = 12. Suppose 0 = -5*j + d*j - 176. What are the prime factors of j?
2, 11
Let b = -742 - -1291. Suppose -b = -4*x - 85. What are the prime factors of x?
2, 29
Let j = 33 + -23. Suppose 2*p - j = 0, -p + 995 = 5*d - 5*p. What are the prime factors of d?
7, 29
Let a = -125 + 164. Suppose a*j - 28*j = 10076. What are the prime factors of j?
2, 229
Suppose -3*h + 5*r = 2*h - 120, -4*h - 4*r + 96 = 0. Suppose -h*b + 10*b + 11942 = 0. What are the prime factors of b?
853
Let c be 760/(-15)*(0 + (-6)/4). Let g = 18 + -19. Let y = c + g. What are the prime factors of y?
3, 5
List the prime factors of (-180)/100 - 515/(-75)*3369.
2, 5783
Suppose -4*a - 3*f = -13, -5*f = 5*a + 2 - 12. What are the prime factors of 2474/6 + (-132)/18 + a?
2, 103
Let p(m) = -8*m - 11 + 6*m + 9. Let w be p(-1). Let o = w + 166. List the prime factors of o.
2, 83
Suppose 2*b - b - 3 = 0. Let r be -2*b/24 - (-19)/(-4). Let n(q) = 2*q**2 + 3*q + 7. What are the prime factors of n(r)?
2, 3, 7
Let s(i) be the second derivative of -i**4/6 - 61*i**3/6 + i**2 + 4*i - 1. What are the prime factors of s(-30)?
2
Suppose 5*z - 58*b = -56*b + 114353, 0 = -4*z - 5*b + 91489. What are the prime factors of z?
22871
Let t = 45 + -21. Let f = t + 2. List the prime factors of f*(5/(-2) - -3).
13
Let j be (3 - -2)/((-1)/3). Let o = j - -17. Suppose 0 = 3*g + 15, g = o*s - 7*s + 430. List the prime factors of s.
3, 29
Let b(h) = 12*h**2 - 170*h**3 - 6*h**2 + 7*h**2 + 29 + 171*h**3 + 3. Suppose 0 = 4*y - 5*l + 52, 2*y - 4*l = -9*l - 26. What are the prime factors of b(y)?
2
Suppose -3 + 33 = -3*p. Let i(u) = -7*u + 23. What are the prime factors of i(p)?
3, 31
Suppose 19584 = -143*y + 161*y. Suppose 18*o - y = 7318. List the prime factors of o.
467
Let v(f) = f**3 - 6*f**2 + 4*f + 9. Let m be v(4). Let d(o) = 3*o**2 + 22*o - 13. Let s be d(m). Let b = 8 - s. What are the prime factors of b?
2, 7
Suppose -5*d + 16 = -s, 17*s - 16 = 13*s. Suppose -d*u = -5*q - 3*u + 5177, 4*u - 1027 = -q. What are the prime factors of q?
3, 5, 23
Suppose 3*b + 22*b = -b + 525486. List the prime factors of b.
3, 6737
Suppose 19386 = 4*f - 8966. List the prime factors of f.
2, 443
Let b(o) = -15*o + 54. Let u be b(4). Let g(k) = -164*k + 280. What are the prime factors of g(u)?
2, 79
Suppose -2*y - 3*h = -15910, 565*h = -3*y + 561*h + 23867. List the prime factors of y.
19, 419
Suppose 9408 = -7*u + 39130. Suppose -4*k = 4*c - 5416, -180 + u = 3*k + 2*c. What are the prime factors of k?
2, 7, 97
Let y(p) = 4*p - 8. Let q be ((-18)/12)/(9/(-4) - -2). Let k be y(q). Let w(g) = g**2 - 9*g - 7. List the prime factors of w(k).
3, 5, 7
List the prime factors of 176/(-33)*(3585/(-6) + 2).
2, 397
Let o be 4*1/2 + 5. Let l(i) = -10*i - 13. Let q(u) = -12*u - 16. Let h(r) = -3*l(r) + 2*q(r). What are the prime factors of h(o)?
7
Let m(p) = 12*p - 56. Let n be m(5). Suppose 0 = -h - n*y + 633, -8*h + 3*h = -2*y - 3165. List the prime factors of h.
3, 211
Suppose -18*s + 29 = -25. Let j(i) = 5*i + 6*i + 17 - 20 + i**s - 12 - 9*i**2. What are the prime factors of j(8)?
3
Let c(t) be the first derivative of 14*t**5/15 - t**4/8 - 2*t**3/3 - 2*t**2 + 24. Let w(d) be the second derivative of c(d). List the prime factors of w(-1).
5, 11
Let g(i) = -7*i**3 - 6*i**2 + 86*i - 28. List the prime factors of g(-11).
3, 2539
Let f = 984 - 784. Suppose -2*k = -636 - f. List the prime factors of k.
2, 11, 19
Let p = 86 + -81. Suppose -2*i - 524 = -2*v, 709 = p*v + i - 583. List the prime factors of v.
7, 37
What are the prime factors of (-224)/392 - (-210326)/7?
2, 83, 181
Let u = 36 - 1. Suppose 34*x - u*x = 0. Suppose x = -6*t + 723 + 153. List the prime factors of t.
2, 73
List the prime factors of (-5 - (-336)/72)/((-1)/47235).
5, 47, 67
Suppose 5*t - 4*p = 69 - 6, -3*t - 5*p + 60 = 0. What are the prime factors of 3629/8 + t/40?
2, 227
Let n = -13065 + 42113. List the prime factors of n.
2, 3631
Let p(s) = s**3 + s**2 + 1. Let k(f) = -f**3 - 21*f**2 + 26*f - 4. Let c(h) = -k(h) - 2*p(h). List the prime factors of c(10).
2, 3, 107
List the prime factors of 488216/8 - -25 - -6.
2, 30529
Suppose 5*r + 25 = 5*h + 5, 4*h - 2*r = 12. Let j(c) = 2*c - 2. Let t be j(2). Suppose -5*v = f - 347, f + 140 = t*v + h*f. List the prime factors of v.
3, 23
Let v = 593 + -214. Let b = v - 211. Suppose -4*o + b = 3*o. What are the prime factors of o?
2, 3
Let t = 62 - 6. Let d = t + -53. Suppose -d*h = 3*r - 8*r + 578, -h = -4. What are the prime factors of r?
2, 59
Suppose -3*x + 0*w = -4*w - 2427, -x + 3*w + 809 = 0. Let v = x + -341. List the prime factors of v.
2, 3, 13
List the prime factors of 44414/4 - (-35)/(-70).
3, 3701
List the prime factors of 95550/5 - (-8 - -10).
2, 17, 281
Let n = 45520 + -27185. What are the prime factors of n?
5, 19, 193
What are the prime factors of (35/(-10))/((-5)/25610)?
7, 13, 197
Let x(p) = p**3 - p**2 - 22*p - 6. Let y be x(-4). What are the prime factors of (y - (11 - 1)) + 443?
3, 5, 29
Let n = -13926 + 33937. List the prime factors of n.
20011
Suppose -5*v + 6338 = -3*g + 5*g, 0 = -3*g + v + 9541. List the prime factors of g.
11, 17
Let v(f) = -f**3 - 18*f**2 - 18*f - 14. Let a be v(-17). Suppose 5*u = -2*w + 3, a*w - 4*u = -0*u + 39. List the prime factors of (-133)/(-3) - w/27.
2, 11
Suppose 3*x = 5*l - 31, 0 = -x - 5*l + 2*l - 1. Let c be 19 + x/((-14)/(-4)). Suppose -c*t = t - 2124. List the prime factors of t.
2, 59
What are the prim